{"id":2264,"date":"2025-01-11T16:34:25","date_gmt":"2025-01-11T19:34:25","guid":{"rendered":"https:\/\/toplineyachts.com.br\/?page_id=2264"},"modified":"2025-01-12T11:22:12","modified_gmt":"2025-01-12T14:22:12","slug":"cotas","status":"publish","type":"page","link":"https:\/\/toplineyachts.com.br\/?page_id=2264","title":{"rendered":"Yachts &#8211; Cotas"},"content":{"rendered":"\t\t<div data-elementor-type=\"wp-page\" data-elementor-id=\"2264\" class=\"elementor elementor-2264\">\n\t\t\t\t\t\t<section class=\"elementor-section elementor-top-section elementor-element elementor-element-3011648f elementor-section-boxed elementor-section-height-default elementor-section-height-default\" data-id=\"3011648f\" data-element_type=\"section\" data-settings=\"{&quot;background_background&quot;:&quot;classic&quot;}\">\n\t\t\t\t\t\t\t<div class=\"elementor-background-overlay\"><\/div>\n\t\t\t\t\t\t\t<div class=\"elementor-container elementor-column-gap-default\">\n\t\t\t\t\t<div class=\"elementor-column elementor-col-100 elementor-top-column elementor-element elementor-element-13b1daea\" data-id=\"13b1daea\" data-element_type=\"column\">\n\t\t\t<div class=\"elementor-widget-wrap elementor-element-populated\">\n\t\t\t\t\t\t<section class=\"elementor-section elementor-inner-section elementor-element elementor-element-3ed316db elementor-section-boxed elementor-section-height-default elementor-section-height-default\" data-id=\"3ed316db\" data-element_type=\"section\">\n\t\t\t\t\t\t<div class=\"elementor-container elementor-column-gap-default\">\n\t\t\t\t\t<div class=\"elementor-column elementor-col-100 elementor-inner-column elementor-element elementor-element-56ea68a4\" data-id=\"56ea68a4\" data-element_type=\"column\">\n\t\t\t<div class=\"elementor-widget-wrap elementor-element-populated\">\n\t\t\t\t\t\t<div class=\"elementor-element elementor-element-5419f216 elementor-icon-list--layout-inline elementor-align-center elementor-list-item-link-full_width elementor-widget elementor-widget-icon-list\" data-id=\"5419f216\" data-element_type=\"widget\" data-widget_type=\"icon-list.default\">\n\t\t\t\t<div class=\"elementor-widget-container\">\n\t\t\t\t\t<ul class=\"elementor-icon-list-items elementor-inline-items\">\n\t\t\t\t\t\t\t<li class=\"elementor-icon-list-item elementor-inline-item\">\n\t\t\t\t\t\t\t\t\t\t<span class=\"elementor-icon-list-text\">in\u00edcio<\/span>\n\t\t\t\t\t\t\t\t\t<\/li>\n\t\t\t\t\t\t\t\t<li class=\"elementor-icon-list-item elementor-inline-item\">\n\t\t\t\t\t\t\t\t\t\t\t<span class=\"elementor-icon-list-icon\">\n\t\t\t\t\t\t\t<i aria-hidden=\"true\" class=\"fas fa-chevron-circle-right\"><\/i>\t\t\t\t\t\t<\/span>\n\t\t\t\t\t\t\t\t\t\t<span class=\"elementor-icon-list-text\">Yachts &#8211; Cotas<\/span>\n\t\t\t\t\t\t\t\t\t<\/li>\n\t\t\t\t\t\t<\/ul>\n\t\t\t\t<\/div>\n\t\t\t\t<\/div>\n\t\t\t\t<div class=\"elementor-element elementor-element-44c81011 elementor-invisible elementor-widget elementor-widget-heading\" data-id=\"44c81011\" data-element_type=\"widget\" data-settings=\"{&quot;_animation&quot;:&quot;fadeInUp&quot;}\" data-widget_type=\"heading.default\">\n\t\t\t\t<div class=\"elementor-widget-container\">\n\t\t\t<h1 class=\"elementor-heading-title elementor-size-default\">Yachts &#8211; Cotas<\/h1>\t\t<\/div>\n\t\t\t\t<\/div>\n\t\t\t\t\t<\/div>\n\t\t<\/div>\n\t\t\t\t\t<\/div>\n\t\t<\/section>\n\t\t\t\t\t<\/div>\n\t\t<\/div>\n\t\t\t\t\t<\/div>\n\t\t<\/section>\n\t\t<div class=\"elementor-element elementor-element-7be0ee9 e-flex e-con-boxed e-con e-parent\" data-id=\"7be0ee9\" data-element_type=\"container\">\n\t\t\t\t\t<div class=\"e-con-inner\">\n\t\t<div class=\"elementor-element elementor-element-edcdbdd e-con-full e-flex e-con e-child\" data-id=\"edcdbdd\" data-element_type=\"container\" data-settings=\"{&quot;background_background&quot;:&quot;classic&quot;}\">\n\t\t<div class=\"elementor-element elementor-element-2996171 e-con-full e-flex e-con e-child\" data-id=\"2996171\" data-element_type=\"container\">\n\t\t\t\t<div class=\"elementor-element elementor-element-3790cbe elementor-widget__width-initial elementor-widget elementor-widget-heading\" data-id=\"3790cbe\" data-element_type=\"widget\" data-widget_type=\"heading.default\">\n\t\t\t\t<div class=\"elementor-widget-container\">\n\t\t\t<h2 class=\"elementor-heading-title elementor-size-default\">A Melhor Escolha para Viver o Luxo do Mar sem Complica\u00e7\u00e3o<\/h2>\t\t<\/div>\n\t\t\t\t<\/div>\n\t\t\t\t<div class=\"elementor-element elementor-element-9e012d0 elementor-widget__width-initial elementor-widget elementor-widget-text-editor\" data-id=\"9e012d0\" data-element_type=\"widget\" data-widget_type=\"text-editor.default\">\n\t\t\t\t<div class=\"elementor-widget-container\">\n\t\t\t\t\t\t\t<article class=\"w-full scroll-mb-[var(--thread-trailing-height,150px)] text-token-text-primary focus-visible:outline-2 focus-visible:outline-offset-[-4px]\" dir=\"auto\" data-testid=\"conversation-turn-5\" data-scroll-anchor=\"false\"><div class=\"m-auto text-base py-[18px] px-3 md:px-4 w-full md:px-5 lg:px-4 xl:px-5\"><div class=\"mx-auto flex flex-1 gap-4 text-base md:gap-5 lg:gap-6 md:max-w-3xl\"><div class=\"group\/conversation-turn relative flex w-full min-w-0 flex-col agent-turn\"><div class=\"flex-col gap-1 md:gap-3\"><div class=\"flex max-w-full flex-col flex-grow\"><div class=\"min-h-8 text-message flex w-full flex-col items-end gap-2 whitespace-normal break-words text-start [.text-message+&amp;]:mt-5\" dir=\"auto\" data-message-author-role=\"assistant\" data-message-id=\"edc7bab4-fbb9-407e-9c00-35c64e161b6d\" data-message-model-slug=\"gpt-4o-mini\"><div class=\"flex w-full flex-col gap-1 empty:hidden first:pt-[3px]\"><div class=\"markdown prose w-full break-words dark:prose-invert dark\"><p>As cotas n\u00e1uticas oferecem a vantagem de acesso a iates de luxo sem a necessidade de possu\u00ed-los integralmente. Elas permitem que voc\u00ea desfrute de experi\u00eancias exclusivas no mar, com flexibilidade para escolher diferentes embarca\u00e7\u00f5es de acordo com a temporada ou destino. Al\u00e9m disso, garantem comodidade ao evitar responsabilidades com manuten\u00e7\u00e3o e gest\u00e3o. \u00c9 uma excelente op\u00e7\u00e3o para quem deseja viver o lifestyle n\u00e1utico com liberdade e praticidade, aproveitando o melhor do mundo n\u00e1utico de forma compartilhada.<\/p><\/div><\/div><\/div><\/div><\/div><\/div><\/div><\/div><\/article>\t\t\t\t\t\t<\/div>\n\t\t\t\t<\/div>\n\t\t\t\t<\/div>\n\t\t<div class=\"elementor-element elementor-element-991fe86 e-con-full e-flex e-con e-child\" data-id=\"991fe86\" data-element_type=\"container\">\n\t\t<div class=\"elementor-element elementor-element-ae816d5 e-con-full e-flex e-con e-child\" data-id=\"ae816d5\" data-element_type=\"container\">\n\t\t\t\t<div class=\"elementor-element elementor-element-a93b373 elementor-widget elementor-widget-image\" data-id=\"a93b373\" data-element_type=\"widget\" data-widget_type=\"image.default\">\n\t\t\t\t<div class=\"elementor-widget-container\">\n\t\t\t\t\t\t\t\t\t\t\t\t\t<img fetchpriority=\"high\" decoding=\"async\" width=\"590\" height=\"270\" src=\"https:\/\/toplineyachts.com.br\/wp-content\/uploads\/2024\/11\/logos-Yachts-1.png\" class=\"attachment-large size-large wp-image-1896\" alt=\"\" srcset=\"https:\/\/toplineyachts.com.br\/wp-content\/uploads\/2024\/11\/logos-Yachts-1.png 590w, https:\/\/toplineyachts.com.br\/wp-content\/uploads\/2024\/11\/logos-Yachts-1-300x137.png 300w\" sizes=\"(max-width: 590px) 100vw, 590px\" \/>\t\t\t\t\t\t\t\t\t\t\t\t\t<\/div>\n\t\t\t\t<\/div>\n\t\t\t\t<\/div>\n\t\t<div class=\"elementor-element elementor-element-a262db4 e-con-full e-flex e-con e-child\" data-id=\"a262db4\" data-element_type=\"container\">\n\t\t\t\t<div class=\"elementor-element elementor-element-88faa50 elementor-widget__width-initial elementor-widget-divider--view-line elementor-widget elementor-widget-divider\" data-id=\"88faa50\" data-element_type=\"widget\" data-widget_type=\"divider.default\">\n\t\t\t\t<div class=\"elementor-widget-container\">\n\t\t\t\t\t<div class=\"elementor-divider\">\n\t\t\t<span class=\"elementor-divider-separator\">\n\t\t\t\t\t\t<\/span>\n\t\t<\/div>\n\t\t\t\t<\/div>\n\t\t\t\t<\/div>\n\t\t\t\t<\/div>\n\t\t\t\t<\/div>\n\t\t\t\t<\/div>\n\t\t\t\t\t<\/div>\n\t\t\t\t<\/div>\n\t\t\t\t<\/div>\n\t\t","protected":false},"excerpt":{"rendered":"<p>in\u00edcio A Melhor Escolha para Viver o Luxo do Mar sem Complica\u00e7\u00e3o As cotas n\u00e1uticas oferecem a vantagem de acesso a iates de luxo sem a necessidade de possu\u00ed-los integralmente. Elas permitem que voc\u00ea desfrute de experi\u00eancias exclusivas no mar, com flexibilidade para escolher diferentes embarca\u00e7\u00f5es de acordo com a temporada ou destino. Al\u00e9m disso, [&hellip;]<\/p>\n","protected":false},"author":1,"featured_media":0,"parent":1476,"menu_order":0,"comment_status":"closed","ping_status":"closed","template":"elementor_header_footer","meta":{"footnotes":""},"class_list":["post-2264","page","type-page","status-publish","hentry"],"_links":{"self":[{"href":"https:\/\/toplineyachts.com.br\/index.php?rest_route=\/wp\/v2\/pages\/2264","targetHints":{"allow":["GET"]}}],"collection":[{"href":"https:\/\/toplineyachts.com.br\/index.php?rest_route=\/wp\/v2\/pages"}],"about":[{"href":"https:\/\/toplineyachts.com.br\/index.php?rest_route=\/wp\/v2\/types\/page"}],"author":[{"embeddable":true,"href":"https:\/\/toplineyachts.com.br\/index.php?rest_route=\/wp\/v2\/users\/1"}],"replies":[{"embeddable":true,"href":"https:\/\/toplineyachts.com.br\/index.php?rest_route=%2Fwp%2Fv2%2Fcomments&post=2264"}],"version-history":[{"count":4,"href":"https:\/\/toplineyachts.com.br\/index.php?rest_route=\/wp\/v2\/pages\/2264\/revisions"}],"predecessor-version":[{"id":2285,"href":"https:\/\/toplineyachts.com.br\/index.php?rest_route=\/wp\/v2\/pages\/2264\/revisions\/2285"}],"up":[{"embeddable":true,"href":"https:\/\/toplineyachts.com.br\/index.php?rest_route=\/wp\/v2\/pages\/1476"}],"wp:attachment":[{"href":"https:\/\/toplineyachts.com.br\/index.php?rest_route=%2Fwp%2Fv2%2Fmedia&parent=2264"}],"curies":[{"name":"wp","href":"https:\/\/api.w.org\/{rel}","templated":true}]}}